ist the prime factors of l.
2, 3, 7
Let o = 84 + -32. Suppose 0 = 2*p + 3*l - o, l = -2*l - 6. List the prime factors of p.
29
Suppose -1 + 9 = 4*h - 4*d, 3*h = -5*d - 2. Let a = h - -6. List the prime factors of a.
7
Let k(q) = 56*q**2 + 3. What are the prime factors of k(-2)?
227
Let y = 6 + -4. Suppose 3*r - y*r = 0. Suppose 3*o - 15 - 12 = r. What are the prime factors of o?
3
What are the prime factors of -1 + 5 + -6 + 4?
2
Let m(b) = 3*b**3 - 4*b**2 + 6*b + 5. Let x(w) = 4*w**3 - 5*w**2 + 7*w + 6. Let z(o) = 5*m(o) - 4*x(o). List the prime factors of z(-2).
5
Suppose 5*m = 6*m + 20. Let d be ((-14)/(-6))/(2/(-24)). Let b = m - d. What are the prime factors of b?
2
Let p(v) = 12*v**2 - v - 1. What are the prime factors of p(-3)?
2, 5, 11
Let k = 18 - 13. Suppose k*b = -2*u + 73, 5*u - b + 4*b - 173 = 0. What are the prime factors of u?
2, 17
Let y = 1 + 4. Let s(o) = -o**2 + 5*o + 2. List the prime factors of s(y).
2
What are the prime factors of 35/(-4*5/(-20))?
5, 7
Let n = -1 - -1. Let d = n + 0. Suppose -2*z = 5*k - 38, -17 = -z - d*z - 2*k. List the prime factors of z.
3
Let c(d) be the third derivative of d**6/120 - d**5/20 - d**4/8 + d**3/2 + d**2. Let k be c(3). List the prime factors of (-134)/(-11) - k/(-33).
2, 3
Let b(c) = -4*c - 3. Let v be b(-2). Let r = v - 3. What are the prime factors of 3/r + (-1)/(-2)?
2
Let c = -2 + 2. Suppose h = 2*h. Suppose h = k - 2*w - 9, -k - 3*k + 5*w + 36 = c. List the prime factors of k.
3
Let n(t) be the first derivative of -3*t**2/2 - 5*t + 1. Suppose -2*h = y + 10, -4*y = -6*y. List the prime factors of n(h).
2, 5
Let l(o) = -o**3 + 4*o**2 - 3*o. Let x be l(3). Suppose x = -n + 4 + 7. What are the prime factors of n?
11
Let k(z) = -z**2 - 11*z - 12. Let u be k(-9). Let a(j) = j**2 - 7*j + 8. Let h be a(u). Let s = 14 - h. What are the prime factors of s?
2, 3
Let n(t) = -4*t**2 + 6*t - 2. Let c(h) = -5*h**2 + 7*h - 3. Let u(r) = 3*c(r) - 4*n(r). Let w be u(4). What are the prime factors of 11/1 + w + -1?
13
What are the prime factors of 4 + 4 + -5 + 89?
2, 23
Let w(u) = -u**3 - u + 211. List the prime factors of w(0).
211
Let v = 6 + -1. Suppose 0 = -3*b, v*z - b = -6*b + 40. What are the prime factors of z - 3 - (-6)/(-2)?
2
Let g = -18 - -12. What are the prime factors of (-42)/4*4/g?
7
Let c(u) = 2*u. Let b be c(1). Let j(g) = -g**3 + g + 44. Let v be j(0). Suppose v = 2*f + b*f. What are the prime factors of f?
11
Let z(b) = -b**3 - 4*b**2 - 5*b + 1. List the prime factors of z(-3).
7
Let z(d) = d**3 - d + 1. Let i(l) = -16*l**3 - 2*l**2 + l - 2. Let p(n) = i(n) + 2*z(n). Let x be p(-1). Let v = 0 + x. List the prime factors of v.
13
Suppose -3*w + 142 = -t, -t + 240 = 5*w - 2*t. List the prime factors of w.
7
Suppose -10*z + 60 = -4*z. List the prime factors of z.
2, 5
Let z = -6 - -6. Suppose z = 3*c - 2*c. Suppose w - 6 = -c*w. List the prime factors of w.
2, 3
Let s = 4 - -6. Suppose -2*t + 0 = -s. Let n = t - 0. What are the prime factors of n?
5
Let s be (-2)/(-4)*-6 - 22. Let u = 35 + s. List the prime factors of u.
2, 5
Let z be 4/3*3/(-2). Let x be (0 + -2)*45/z. What are the prime factors of 2/9 - (-485)/x?
11
Let m be (-10 + 2)/(-3 - -1). Suppose m*r + 0*r = 40. List the prime factors of r.
2, 5
Suppose 3*i + 3*u - 133 = -u, -u + 44 = i. Suppose 0 = -4*j + 5 + i. What are the prime factors of j?
2, 3
Suppose -3*d - 5*w + 7 = -2*d, -2*d = w + 4. Let c(r) = r**3 + 4*r**2 + 2*r - 1. List the prime factors of c(d).
2
Suppose -4*w = -2*w. Suppose 3*y - 5*t - 16 = 0, y + 4*t + w*t + 6 = 0. Suppose 2 = y*c - c. List the prime factors of c.
2
Let t = 8 - 3. Suppose 0*g - 4*q - 12 = g, g = t*q + 6. Let j = g - -6. List the prime factors of j.
2
Suppose 0 = -3*y - 0*y + 3*z - 30, -4*z = 4*y + 48. Let d = y - -15. Suppose d*o + 16 - 40 = 0. List the prime factors of o.
2, 3
List the prime factors of (-71)/4*(-9 + 5).
71
Let d = -93 - -133. List the prime factors of d.
2, 5
Suppose r + 8 = 9. List the prime factors of r*6 + (4 - 7).
3
Suppose -12*i = -9*i + 18. What are the prime factors of 12/((3/i)/(-1))?
2, 3
Let r(s) = -7*s + 23. What are the prime factors of r(-7)?
2, 3
Let s = -498 + 832. What are the prime factors of s?
2, 167
Let u be 150/35 + (-2)/7. List the prime factors of u - (-5)/(20/12).
7
Let w(j) = -6*j - 8. Let p be w(-7). Suppose -30 = -6*a + 3*a. Suppose -3*o + p = a. What are the prime factors of o?
2
Let t be 8/(-5)*(-15)/1. Suppose 4*g - 32 = -5*q, 3*g + t = 7*g + 3*q. What are the prime factors of g/(6/32*2)?
2
Let n be (2 + 1)*1 + 2. Suppose n*f - 3*i - 4 = 4, 5*f - 16 = i. Suppose f*c = x + 5 + 6, c = -4*x + 41. List the prime factors of x.
3
Suppose 0 = 4*p - 20 - 0, -5*p + 38 = t. Let a = 34 - t. List the prime factors of a.
3, 7
Suppose 4*r - 2*k - 194 = 0, -2*r - 4*k + 80 = -22. List the prime factors of r.
7
Let m = -2 - -27. What are the prime factors of m?
5
Suppose 0 = 2*z - 4*c - 180, -2*z + 0*c = 3*c - 194. List the prime factors of z.
2, 47
What are the prime factors of (-402)/(-2)*(-12)/(-18)?
2, 67
Let h(z) = -z**2 - 9*z + 1. Let u be h(-7). Let k = u - 9. What are the prime factors of 14/((k/(-1))/(-3))?
7
Let s = 58 + -23. Let v = s + -24. List the prime factors of v.
11
Let w(j) = 7*j + 1. Let f = -2 + 0. Let x be w(f). Let o = x + 24. List the prime factors of o.
11
Suppose 2*k + r - 776 = -k, -2*k + 524 = 4*r. What are the prime factors of k?
2, 3, 43
Let z = -17 - -48. What are the prime factors of z?
31
Suppose 4*w - 5*u = 200, -5*w + w - u = -176. List the prime factors of w.
3, 5
Suppose 0*v + v = 0. What are the prime factors of (1 - (v + -2)) + 15?
2, 3
Let h(a) = -a**3 - 5*a**2 - 4*a + 5. Let p be h(-4). Let f = 9 - p. What are the prime factors of f?
2
Suppose 4*i - 5*z - 157 + 14 = 0, 5*i - 175 = 5*z. List the prime factors of i.
2
Let m(p) = -4*p + 1. Let a(t) = -11*t + 4. Let v(i) = -i**2 - 7*i - 6. Let q be v(-7). Let n(y) = q*a(y) + 17*m(y). What are the prime factors of n(-9)?
11
What are the prime factors of ((-10)/(-25))/(1/60)?
2, 3
Let f(u) = u**2 - 6*u + 25. List the prime factors of f(-10).
5, 37
Let l(q) = q**2. Let u(h) = 3*h**2 - 4*h - 2. Let z(x) = 2*l(x) - u(x). Let k be z(5). What are the prime factors of 26 + k + (0 - 2)?
3, 7
Let j be (-2)/8 - 148/(-16). Let t = -29 + j. List the prime factors of ((-48)/t)/(3/10).
2
Let r(c) = 2 - 2 - 3*c**2 + c**3 - 3*c. Let s be r(4). Suppose 0 = 2*i - 4*h + 8, 4*i - 3*h - s = -5. List the prime factors of i.
2
Suppose 2*c - 141 = -39. List the prime factors of c.
3, 17
Suppose -5*c - 29 = 11. Suppose g - 1 = 20. Let h = c + g. What are the prime factors of h?
13
Let a = 47 + -26. What are the prime factors of a?
3, 7
Let c(y) = -y**2 + 6*y - 1. Let k be c(5). Suppose -o = k*i - 49, 0 = -3*o - 0*o + i + 108. Let p = o + -25. List the prime factors of p.
2, 3
Suppose -8*d - 477 = -2*n - 13*d, 0 = 5*n + 4*d - 1184. What are the prime factors of n?
2, 59
Suppose 40 = c + 4*c. Suppose z - c = -0. What are the prime factors of z?
2
Let n(t) = -9*t + 6. List the prime factors of n(-6).
2, 3, 5
Suppose 0 = b + 5 - 12. What are the prime factors of b?
7
Let h = 40 - -41. What are the prime factors of h?
3
Suppose 0 = -5*r + 4*g - 10, -3*r - 3*g = -0*r + 33. Let n = 7 - r. List the prime factors of n.
13
Let s(k) = k**3 - 10*k**2 - 9*k - 10. Let x be s(11). Suppose 2*h + x = t, 0 = -h - 3*h - 8. What are the prime factors of t?
2
Suppose -3*y + 30 = -y. Let l = 13 + y. What are the prime factors of l?
2, 7
List the prime factors of (105/20)/((-3)/(-84)).
3, 7
Let t(g) = -54*g**3 + 4*g + 3. What are the prime factors of t(-1)?
53
Let o be 1*(1 - -18) - -2. Let w(z) = -10*z**3 - z. Let s be w(1). Let x = o + s. What are the prime factors of x?
2, 5
Let x be -5*7 - (-1)/1. Let i = 2 - x. List the prime factors of i.
2, 3
Suppose -1 = -l - 3. Let b(d) = -d**3 + d - 2. List the prime factors of b(l).
2
Let r = -5 - -14. Suppose 3*s + 3*w = -w + 8, -s + 5*w + r = 0. Suppose 2*m - 3*i = 3*m - 6, -4*m - s*i + 32 = 0. List the prime factors of m.
3
Let i = 4 + 0. Suppose -5*x - 2 + 17 = -5*y, 2*x + i*y = -18. Let q(a) = -3*a. What are the prime factors of q(x)?
3
Let o be (2 - 1)/((-3)/(-12)). Suppose -12 = -2*y + o. List the prime factors of y.
2
Let a(q) = q**2 + 3*q + 24. List the prime fact